 divide 25722622?
False
Is 10 a factor of 35115396?
False
Does 46 divide 58160644?
False
Does 6 divide 547838?
False
Is 67627222 a multiple of 26?
True
Does 128 divide 18530179?
False
Is 79 a factor of 105303299?
False
Is 73 a factor of 102220805?
True
Is 790 a factor of 14816246?
False
Is 156005949 a multiple of 201?
True
Is 13 a factor of 205632554?
False
Is 2505 a factor of 39814399?
False
Is 16649378 a multiple of 159?
False
Is 180 a factor of 133975620?
True
Does 691 divide 1558193690?
False
Is 941 a factor of 662108268?
False
Is 134436176 a multiple of 142?
False
Is 618 a factor of 46739958?
True
Is 1331019360 a multiple of 99?
True
Does 1582 divide 107257351?
False
Is 4101 a factor of 2684944366?
False
Is 136191675 a multiple of 669?
True
Is 704619776 a multiple of 128?
True
Does 986 divide 1209453274?
False
Is 10939985 a multiple of 1280?
False
Is 1695 a factor of 86490765?
True
Is 1661 a factor of 837803990?
False
Is 5 a factor of 310871005?
True
Is 56 a factor of 99600152?
False
Does 29 divide 5650075854?
False
Is 567432300 a multiple of 2150?
True
Does 10 divide 273290243?
False
Is 1272 a factor of 89003167?
False
Does 412 divide 678542022?
False
Is 77635361 a multiple of 44?
False
Does 498 divide 162230472?
True
Is 681 a factor of 89497545?
False
Is 157081318 a multiple of 2611?
False
Is 905136842 a multiple of 43?
True
Does 1152 divide 249349360?
False
Is 7198665 a multiple of 9?
False
Is 902672064 a multiple of 14?
True
Is 400 a factor of 53589377?
False
Is 974 a factor of 7974138?
True
Is 453466871 a multiple of 177?
False
Is 28 a factor of 8167852?
True
Is 456298944 a multiple of 4?
True
Does 92 divide 308169824?
True
Is 217911744 a multiple of 1648?
True
Does 16 divide 763582217?
False
Is 19016298 a multiple of 7?
True
Does 1642 divide 14237782?
True
Is 10 a factor of 61554770?
True
Is 1474 a factor of 14649037?
False
Does 53 divide 54270038?
False
Is 1363732208 a multiple of 347?
True
Is 616115832 a multiple of 278?
True
Is 14828750 a multiple of 4?
False
Does 1881 divide 173194779?
False
Is 1195511355 a multiple of 9?
True
Is 55642642 a multiple of 1034?
True
Is 41 a factor of 5274527?
True
Does 36 divide 81100979?
False
Does 585 divide 3482083215?
True
Is 1324 a factor of 515607968?
True
Is 204 a factor of 7112256?
True
Is 502 a factor of 85284780?
True
Is 3 a factor of 3170966?
False
Is 37363551 a multiple of 42?
False
Is 4443 a factor of 7039435884?
True
Is 453 a factor of 13264293?
True
Does 1617 divide 5250399?
True
Is 45023121 a multiple of 2197?
True
Does 2531 divide 137116925?
True
Is 4064562432 a multiple of 16128?
True
Does 72 divide 501518592?
True
Does 28 divide 498581580?
True
Is 38317750 a multiple of 10?
True
Is 672110069 a multiple of 5414?
False
Does 9 divide 4330542896?
False
Is 2407 a factor of 591928761?
False
Does 57 divide 644180747?
False
Does 2275 divide 5566925?
True
Is 5397165270 a multiple of 1330?
True
Does 89 divide 125128927?
True
Is 34 a factor of 1859362902?
False
Is 932089536 a multiple of 10051?
True
Is 117104330 a multiple of 85?
True
Is 593443063 a multiple of 56?
False
Is 21 a factor of 1142682429?
True
Is 23 a factor of 35754397?
True
Is 6 a factor of 32814916?
False
Is 1011400942 a multiple of 23?
True
Is 329 a factor of 697841458?
False
Is 287 a factor of 1295776918?
False
Does 434 divide 51031456?
True
Is 71 a factor of 2419822?
True
Is 91 a factor of 5795153?
True
Is 111 a factor of 535480?
False
Does 254 divide 216204708?
False
Is 72075112 a multiple of 2738?
True
Is 56 a factor of 12642168?
True
Does 472 divide 187852958?
False
Is 4 a factor of 98889720?
True
Is 31680091 a multiple of 16?
False
Is 470651037 a multiple of 923?
False
Is 572 a factor of 8543726048?
True
Is 50 a factor of 236630914?
False
Does 18 divide 46652137?
False
Does 604 divide 303571019?
False
Is 15131 a factor of 1695882480?
True
Is 757 a factor of 652667301?
False
Is 956 a factor of 5104659512?
True
Is 119022332 a multiple of 109?
True
Is 29 a factor of 113270097?
False
Is 97 a factor of 15659772?
False
Is 105576928 a multiple of 175?
False
Does 7 divide 336840?
True
Is 214915217 a multiple of 50?
False
Is 123 a factor of 1397365239?
True
Does 97 divide 346413384?
True
Is 22620564 a multiple of 36?
True
Is 31933197 a multiple of 81?
True
Does 374 divide 31807204?
True
Is 17 a factor of 33745595?
True
Does 165 divide 1314061320?
True
Is 85 a factor of 31819462?
False
Does 1421 divide 690277693?
False
Is 242616887 a multiple of 10?
False
Does 19 divide 125252408?
True
Is 5 a factor of 13330308?
False
Does 32 divide 258462938?
False
Is 30 a factor of 287434057?
False
Is 110259550 a multiple of 1765?
True
Is 3652744 a multiple of 563?
True
Is 33804113 a multiple of 29?
False
Is 20993061 a multiple of 666?
False
Does 37 divide 46126508?
False
Is 45 a factor of 4978301068?
False
Does 1755 divide 13858579?
False
Does 715 divide 894555597?
False
Is 92855284 a multiple of 138?
False
Is 34 a factor of 711988424?
True
Does 19 divide 10531536?
False
Does 291 divide 49769519?
False
Does 249 divide 2497608?
False
Does 73 divide 9403203?
True
Does 60 divide 374332029?
False
Is 789831609 a multiple of 7?
True
Is 44 a factor of 321439272?
True
Does 408 divide 7717320?
True
Is 45 a factor of 15411799?
False
Does 401 divide 903290996?
True
Does 1526 divide 18106030?
False
Does 24 divide 265049904?
True
Is 9 a factor of 2126294658?
True
Is 26 a factor of 8184072?
True
Does 1391 divide 377464542?
True
Is 50163000 a multiple of 250?
True
Does 116 divide 129939256?
True
Does 84 divide 105059724?
True
Is 285570786 a multiple of 1465?
False
Is 2041918018 a multiple of 866?
True
Does 21 divide 2275899024?
True
Is 17 a factor of 11219609?
True
Does 15 divide 1172401147?
False
Does 533 divide 194587437?
False
Is 3675586 a multiple of 57?
False
Does 1368 divide 10310616?
True
Does 2 divide 47572347?
False
Does 153 divide 35262522?
True
Is 30269092 a multiple of 593?
True
Is 137 a factor of 284010042?
True
Does 12 divide 2774313036?
True
Does 328 divide 937401368?
True
Is 24063124 a multiple of 383?
True
Does 658 divide 34260086?
True
Does 364 divide 185749564?
True
Does 13 divide 806460733?
True
Is 1695 a factor of 3664472687?
False
Does 1203 divide 12472794?
False
Does 15 divide 204376169?
False
Does 43 divide 1257755547?
True
Does 132 divide 317953492?
False
Is 169 a factor of 56832334?
True
Is 297306512 a multiple of 60?
False
Is 384798528 a multiple of 2103?
True
Is 449 a factor of 193522592?
True
Is 6207276 even?
True
Is 77 a factor of 289685934?
False
Is 616632084 a multiple of 12?
True
Is 176379795 a multiple of 2939?
False
Is 36152474 a multiple of 12?
False
Is 147704111 a multiple of 1228?
False
Is 41 a factor of 15627075?
False
Is 35888483 a multiple of 1680?
False
Is 17125857 a multiple of 553?
True
Is 5188 a factor of 152470279?
False
Does 226 divide 13636388?
True
Does 5 divide 1427293771?
False
Is 3313 a factor of 39188591?
False
Is 185 a factor of 67093427?
False
Is 258481101 a multiple of 264?
False
Is 3187818020 a multiple of 890?
True
Is 332123720 a multiple of 2254?
False
Is 3104532838 a multiple of 11?
True
Is 359 a factor of 85482432?
False
Is 65719862 a multiple of 15?
False
Is 3619290 a multiple of 14?
False
Is 133275662 a multiple of 218?
False
Does 1804 divide 304572562?
False
Is 452722984 a multiple of 7544?
True
Does 3507 divide 19327833?
False
Is 472691175 a multiple of 180?
False
Does 4 divide 13605757?
False
Is 164608630 a multiple of 38?
False
Is 24857270 a multiple of 10?
True
Is 162992278 a multiple of 5777?
True
Is 256 a factor of 18688736?
False
Does 297 divide 1108628037?
False
Is 8 a factor of 18448240?
True
Does 229 divide 15716041?
True
Is 10 a factor of 1057089?
False
Is 885770640 a multiple of 24?
True
Does 1582 divide 23614322?
False
Does 59 divide 774356238?
True
Is 130432965 a multiple of 403?
True
Does 2321 divide 51212865?
True
Is 5850995 a multiple of 41?
False
Is 148371860 a multiple of 451?
False
Is 62430248 a multiple of 74?
True
Does 75 divide 14516775?
True
Does 17 divide 61398798?
True
Does 7 divide 88168112?
False
Is 22 a factor of 72364359?
False
Is 3 a factor of 278488270?
False
Is 26238616 a multiple of 1700?
False
Is 30 a factor of 1255764627?
False
Is 584 a factor of 8907629